{"id":307,"date":"2026-02-18T13:23:58","date_gmt":"2026-02-18T16:23:58","guid":{"rendered":"https:\/\/pecorari-cloudbr2681.pecoraricloud.com.br\/~assufsmcom\/?page_id=307"},"modified":"2026-03-31T21:00:01","modified_gmt":"2026-04-01T00:00:01","slug":"a-voz-da-categoria","status":"publish","type":"page","link":"https:\/\/cta.clst17.mxpr.email.pecoraricloud.com.br\/~assufsmcom\/a-voz-da-categoria\/","title":{"rendered":"A Voz da Categoria"},"content":{"rendered":"\t\t<div data-elementor-type=\"wp-page\" data-elementor-id=\"307\" class=\"elementor elementor-307\" data-elementor-settings=\"{&quot;ha_cmc_init_switcher&quot;:&quot;no&quot;}\" data-elementor-post-type=\"page\">\n\t\t\t\t<div class=\"elementor-element elementor-element-ee47a84 e-flex e-con-boxed e-con e-parent\" data-id=\"ee47a84\" data-element_type=\"container\" data-e-type=\"container\" data-settings=\"{&quot;_ha_eqh_enable&quot;:false}\">\n\t\t\t\t\t<div class=\"e-con-inner\">\n\t\t\t\t<div class=\"elementor-element elementor-element-62a2c16 elementor-widget elementor-widget-heading\" data-id=\"62a2c16\" data-element_type=\"widget\" data-e-type=\"widget\" data-widget_type=\"heading.default\">\n\t\t\t\t\t<h2 class=\"elementor-heading-title elementor-size-default\">A Voz da Categoria<\/h2>\t\t\t\t<\/div>\n\t\t\t\t\t<\/div>\n\t\t\t\t<\/div>\n\t\t<div class=\"elementor-element elementor-element-6dd3fdf e-flex e-con-boxed e-con e-parent\" data-id=\"6dd3fdf\" data-element_type=\"container\" data-e-type=\"container\" data-settings=\"{&quot;_ha_eqh_enable&quot;:false}\">\n\t\t\t\t\t<div class=\"e-con-inner\">\n\t\t\t\t<div class=\"elementor-element elementor-element-0b6a881 elementor-widget-divider--view-line elementor-widget elementor-widget-divider\" data-id=\"0b6a881\" data-element_type=\"widget\" data-e-type=\"widget\" data-widget_type=\"divider.default\">\n\t\t\t\t\t\t\t<div class=\"elementor-divider\">\n\t\t\t<span class=\"elementor-divider-separator\">\n\t\t\t\t\t\t<\/span>\n\t\t<\/div>\n\t\t\t\t\t\t<\/div>\n\t\t\t\t\t<\/div>\n\t\t\t\t<\/div>\n\t\t<div class=\"elementor-element elementor-element-9e0c921 e-flex e-con-boxed e-con e-parent\" data-id=\"9e0c921\" data-element_type=\"container\" data-e-type=\"container\" data-settings=\"{&quot;_ha_eqh_enable&quot;:false}\">\n\t\t\t\t\t<div class=\"e-con-inner\">\n\t\t\t\t<div class=\"elementor-element elementor-element-5545e19 elementor-widget elementor-widget-upk-fanel-list\" data-id=\"5545e19\" data-element_type=\"widget\" data-e-type=\"widget\" data-widget_type=\"upk-fanel-list.default\">\n\t\t\t\t\t\t\t<div class=\"upk-fanel-list-container upk-ajax-grid\" data-loadmore=\"[]\">\n\t\t\t<div class=\"upk-fanel-list upk-ajax-grid-wrap\">\n\t\t\t\t\n\t\t\t\t\t\t\t<div class=\"upk-item\">\n\t\t\t<div class=\"upk-item-box\">\n\t\t\t\t<div class=\"upk-image-wrap\">\n\n\t\t\t\t\t<img fetchpriority=\"high\" decoding=\"async\" width=\"1921\" height=\"770\" src=\"https:\/\/cta.clst17.mxpr.email.pecoraricloud.com.br\/~assufsmcom\/wp-content\/uploads\/2026\/03\/SITE4-26.png\" class=\"upk-img\" alt=\"36\u00ba dia de greve: Comando passa informes de atividades e repassa a agenda de greve da semana\" srcset=\"https:\/\/cta.clst17.mxpr.email.pecoraricloud.com.br\/~assufsmcom\/wp-content\/uploads\/2026\/03\/SITE4-26.png 1921w, https:\/\/cta.clst17.mxpr.email.pecoraricloud.com.br\/~assufsmcom\/wp-content\/uploads\/2026\/03\/SITE4-26-300x120.png 300w, https:\/\/cta.clst17.mxpr.email.pecoraricloud.com.br\/~assufsmcom\/wp-content\/uploads\/2026\/03\/SITE4-26-1024x410.png 1024w, https:\/\/cta.clst17.mxpr.email.pecoraricloud.com.br\/~assufsmcom\/wp-content\/uploads\/2026\/03\/SITE4-26-768x308.png 768w, https:\/\/cta.clst17.mxpr.email.pecoraricloud.com.br\/~assufsmcom\/wp-content\/uploads\/2026\/03\/SITE4-26-1536x616.png 1536w, https:\/\/cta.clst17.mxpr.email.pecoraricloud.com.br\/~assufsmcom\/wp-content\/uploads\/2026\/03\/SITE4-26-600x240.png 600w\" sizes=\"(max-width: 1921px) 100vw, 1921px\" \/>\n\t\t\t\t\t\t\t\t\t\t\t<div class=\"upk-fanel-date-wrap\">\n\t\t\t\t\t\t\t<span class=\"upk-fanel-date\">30<\/span>\n\t\t\t\t\t\t\t<span class=\"upk-fanel-month\">mar<\/span>\n\t\t\t\t\t\t<\/div>\n\t\t\t\t\t\n\t\t\t\t<\/div>\n\n\t\t\t\t<div class=\"upk-content\">\n\t\t\t\t\t\t\t<div class=\"upk-category\">\n\t\t\t<a href=\"https:\/\/cta.clst17.mxpr.email.pecoraricloud.com.br\/~assufsmcom\/category\/geral\/\" \n\t\t\t\t\t\t\taria-label=\"Category Geral\">Geral<\/a>\t\t<\/div>\n\t\n\t\t\t\t\t<h3 class=\"upk-title\"><a href=\"https:\/\/cta.clst17.mxpr.email.pecoraricloud.com.br\/~assufsmcom\/2026\/03\/30\/36o-dia-de-greve-comando-passa-informes-de-atividades-e-repassa-a-agenda-de-greve-da-semana\/\" title=\"36\u00ba dia de greve: Comando passa informes de atividades e repassa a agenda de greve da semana\" class=\"title-animation-underline\" aria-label=\"36\u00ba dia de greve: Comando passa informes de atividades e repassa a agenda de greve da semana\">36\u00ba dia de greve: Comando passa informes de atividades e repassa a agenda de greve da semana<\/a><\/h3>\n\t\t\t\t\t\t\t<div class=\"upk-text\">\n\t\t\t<p>Na manh\u00e3 dessa segunda-feira (30), o Comando Local se reuniu para passar informes de greve que ocorreram na \u00faltima semana,<\/p>\n\t\t<\/div>\n\t\t\n\t\t\t\t\t\n\t\t\t\t<\/div>\n\t\t\t\t\t\t\t<\/div>\n\t\t<\/div>\n\n\t\n\t\t\t\t\n\t\t\t\t\t\t\t<div class=\"upk-item\">\n\t\t\t<div class=\"upk-item-box\">\n\t\t\t\t<div class=\"upk-image-wrap\">\n\n\t\t\t\t\t<img decoding=\"async\" width=\"1600\" height=\"900\" src=\"https:\/\/cta.clst17.mxpr.email.pecoraricloud.com.br\/~assufsmcom\/wp-content\/uploads\/2026\/03\/WhatsApp-Image-2026-03-28-at-14.20.16.jpeg\" class=\"upk-img\" alt=\"Assufsm participa de 1\u00aa Confer\u00eancia Internacional Antifascista Pela Soberania dos Povos\" srcset=\"https:\/\/cta.clst17.mxpr.email.pecoraricloud.com.br\/~assufsmcom\/wp-content\/uploads\/2026\/03\/WhatsApp-Image-2026-03-28-at-14.20.16.jpeg 1600w, https:\/\/cta.clst17.mxpr.email.pecoraricloud.com.br\/~assufsmcom\/wp-content\/uploads\/2026\/03\/WhatsApp-Image-2026-03-28-at-14.20.16-300x169.jpeg 300w, https:\/\/cta.clst17.mxpr.email.pecoraricloud.com.br\/~assufsmcom\/wp-content\/uploads\/2026\/03\/WhatsApp-Image-2026-03-28-at-14.20.16-1024x576.jpeg 1024w, https:\/\/cta.clst17.mxpr.email.pecoraricloud.com.br\/~assufsmcom\/wp-content\/uploads\/2026\/03\/WhatsApp-Image-2026-03-28-at-14.20.16-768x432.jpeg 768w, https:\/\/cta.clst17.mxpr.email.pecoraricloud.com.br\/~assufsmcom\/wp-content\/uploads\/2026\/03\/WhatsApp-Image-2026-03-28-at-14.20.16-1536x864.jpeg 1536w, https:\/\/cta.clst17.mxpr.email.pecoraricloud.com.br\/~assufsmcom\/wp-content\/uploads\/2026\/03\/WhatsApp-Image-2026-03-28-at-14.20.16-150x85.jpeg 150w, https:\/\/cta.clst17.mxpr.email.pecoraricloud.com.br\/~assufsmcom\/wp-content\/uploads\/2026\/03\/WhatsApp-Image-2026-03-28-at-14.20.16-600x338.jpeg 600w\" sizes=\"(max-width: 1600px) 100vw, 1600px\" \/>\n\t\t\t\t\t\t\t\t\t\t\t<div class=\"upk-fanel-date-wrap\">\n\t\t\t\t\t\t\t<span class=\"upk-fanel-date\">30<\/span>\n\t\t\t\t\t\t\t<span class=\"upk-fanel-month\">mar<\/span>\n\t\t\t\t\t\t<\/div>\n\t\t\t\t\t\n\t\t\t\t<\/div>\n\n\t\t\t\t<div class=\"upk-content\">\n\t\t\t\t\t\t\t<div class=\"upk-category\">\n\t\t\t<a href=\"https:\/\/cta.clst17.mxpr.email.pecoraricloud.com.br\/~assufsmcom\/category\/geral\/\" \n\t\t\t\t\t\t\taria-label=\"Category Geral\">Geral<\/a>\t\t<\/div>\n\t\n\t\t\t\t\t<h3 class=\"upk-title\"><a href=\"https:\/\/cta.clst17.mxpr.email.pecoraricloud.com.br\/~assufsmcom\/2026\/03\/30\/assufsm-participa-de-1a-conferencia-internacional-antifascista-pela-soberania-dos-povos\/\" title=\"Assufsm participa de 1\u00aa Confer\u00eancia Internacional Antifascista Pela Soberania dos Povos\" class=\"title-animation-underline\" aria-label=\"Assufsm participa de 1\u00aa Confer\u00eancia Internacional Antifascista Pela Soberania dos Povos\">Assufsm participa de 1\u00aa Confer\u00eancia Internacional Antifascista Pela Soberania dos Povos<\/a><\/h3>\n\t\t\t\t\t\t\t<div class=\"upk-text\">\n\t\t\t<p>Representantes da Assufsm estiveram presentes na 1\u00aa Confer\u00eancia Internacional Antifascista Pela Soberania dos Povos, realizada em Porto Alegre dos dias<\/p>\n\t\t<\/div>\n\t\t\n\t\t\t\t\t\n\t\t\t\t<\/div>\n\t\t\t\t\t\t\t<\/div>\n\t\t<\/div>\n\n\t\n\t\t\t\t\n\t\t\t\t\t\t\t<div class=\"upk-item\">\n\t\t\t<div class=\"upk-item-box\">\n\t\t\t\t<div class=\"upk-image-wrap\">\n\n\t\t\t\t\t<img decoding=\"async\" width=\"1920\" height=\"770\" src=\"https:\/\/cta.clst17.mxpr.email.pecoraricloud.com.br\/~assufsmcom\/wp-content\/uploads\/2026\/03\/SITE-24-5.png\" class=\"upk-img\" alt=\"O Sonho Real: atividade de greve acontece dia 1\u00ba de abril\" srcset=\"https:\/\/cta.clst17.mxpr.email.pecoraricloud.com.br\/~assufsmcom\/wp-content\/uploads\/2026\/03\/SITE-24-5.png 1920w, https:\/\/cta.clst17.mxpr.email.pecoraricloud.com.br\/~assufsmcom\/wp-content\/uploads\/2026\/03\/SITE-24-5-300x120.png 300w, https:\/\/cta.clst17.mxpr.email.pecoraricloud.com.br\/~assufsmcom\/wp-content\/uploads\/2026\/03\/SITE-24-5-1024x411.png 1024w, https:\/\/cta.clst17.mxpr.email.pecoraricloud.com.br\/~assufsmcom\/wp-content\/uploads\/2026\/03\/SITE-24-5-768x308.png 768w, https:\/\/cta.clst17.mxpr.email.pecoraricloud.com.br\/~assufsmcom\/wp-content\/uploads\/2026\/03\/SITE-24-5-1536x616.png 1536w, https:\/\/cta.clst17.mxpr.email.pecoraricloud.com.br\/~assufsmcom\/wp-content\/uploads\/2026\/03\/SITE-24-5-600x241.png 600w\" sizes=\"(max-width: 1920px) 100vw, 1920px\" \/>\n\t\t\t\t\t\t\t\t\t\t\t<div class=\"upk-fanel-date-wrap\">\n\t\t\t\t\t\t\t<span class=\"upk-fanel-date\">30<\/span>\n\t\t\t\t\t\t\t<span class=\"upk-fanel-month\">mar<\/span>\n\t\t\t\t\t\t<\/div>\n\t\t\t\t\t\n\t\t\t\t<\/div>\n\n\t\t\t\t<div class=\"upk-content\">\n\t\t\t\t\t\t\t<div class=\"upk-category\">\n\t\t\t<a href=\"https:\/\/cta.clst17.mxpr.email.pecoraricloud.com.br\/~assufsmcom\/category\/geral\/\" \n\t\t\t\t\t\t\taria-label=\"Category Geral\">Geral<\/a>\t\t<\/div>\n\t\n\t\t\t\t\t<h3 class=\"upk-title\"><a href=\"https:\/\/cta.clst17.mxpr.email.pecoraricloud.com.br\/~assufsmcom\/2026\/03\/30\/o-sonho-real-atividade-de-greve-acontece-dia-1o-de-abril\/\" title=\"O Sonho Real: atividade de greve acontece dia 1\u00ba de abril\" class=\"title-animation-underline\" aria-label=\"O Sonho Real: atividade de greve acontece dia 1\u00ba de abril\">O Sonho Real: atividade de greve acontece dia 1\u00ba de abril<\/a><\/h3>\n\t\t\t\t\t\t\t<div class=\"upk-text\">\n\t\t\t<p>SONHO: Cumprimento integral do Acordo de Greve de 2024 REALIDADE: 643 dias de espera pela integralidade do Acordo Mais de<\/p>\n\t\t<\/div>\n\t\t\n\t\t\t\t\t\n\t\t\t\t<\/div>\n\t\t\t\t\t\t\t<\/div>\n\t\t<\/div>\n\n\t\n\t\t\t\t\n\t\t\t\t\t\t\t<div class=\"upk-item\">\n\t\t\t<div class=\"upk-item-box\">\n\t\t\t\t<div class=\"upk-image-wrap\">\n\n\t\t\t\t\t<img loading=\"lazy\" decoding=\"async\" width=\"1921\" height=\"770\" src=\"https:\/\/cta.clst17.mxpr.email.pecoraricloud.com.br\/~assufsmcom\/wp-content\/uploads\/2026\/03\/SITE-10-15.png\" class=\"upk-img\" alt=\"FASUBRA lan\u00e7a seu quarto IG da greve de 2026; confira\" srcset=\"https:\/\/cta.clst17.mxpr.email.pecoraricloud.com.br\/~assufsmcom\/wp-content\/uploads\/2026\/03\/SITE-10-15.png 1921w, https:\/\/cta.clst17.mxpr.email.pecoraricloud.com.br\/~assufsmcom\/wp-content\/uploads\/2026\/03\/SITE-10-15-300x120.png 300w, https:\/\/cta.clst17.mxpr.email.pecoraricloud.com.br\/~assufsmcom\/wp-content\/uploads\/2026\/03\/SITE-10-15-1024x410.png 1024w, https:\/\/cta.clst17.mxpr.email.pecoraricloud.com.br\/~assufsmcom\/wp-content\/uploads\/2026\/03\/SITE-10-15-768x308.png 768w, https:\/\/cta.clst17.mxpr.email.pecoraricloud.com.br\/~assufsmcom\/wp-content\/uploads\/2026\/03\/SITE-10-15-1536x616.png 1536w, https:\/\/cta.clst17.mxpr.email.pecoraricloud.com.br\/~assufsmcom\/wp-content\/uploads\/2026\/03\/SITE-10-15-600x240.png 600w\" sizes=\"(max-width: 1921px) 100vw, 1921px\" \/>\n\t\t\t\t\t\t\t\t\t\t\t<div class=\"upk-fanel-date-wrap\">\n\t\t\t\t\t\t\t<span class=\"upk-fanel-date\">30<\/span>\n\t\t\t\t\t\t\t<span class=\"upk-fanel-month\">mar<\/span>\n\t\t\t\t\t\t<\/div>\n\t\t\t\t\t\n\t\t\t\t<\/div>\n\n\t\t\t\t<div class=\"upk-content\">\n\t\t\t\t\t\t\t<div class=\"upk-category\">\n\t\t\t<a href=\"https:\/\/cta.clst17.mxpr.email.pecoraricloud.com.br\/~assufsmcom\/category\/geral\/\" \n\t\t\t\t\t\t\taria-label=\"Category Geral\">Geral<\/a>\t\t<\/div>\n\t\n\t\t\t\t\t<h3 class=\"upk-title\"><a href=\"https:\/\/cta.clst17.mxpr.email.pecoraricloud.com.br\/~assufsmcom\/2026\/03\/30\/fasubra-lanca-seu-quarto-ig-da-greve-de-2026-confira\/\" title=\"FASUBRA lan\u00e7a seu quarto IG da greve de 2026; confira\" class=\"title-animation-underline\" aria-label=\"FASUBRA lan\u00e7a seu quarto IG da greve de 2026; confira\">FASUBRA lan\u00e7a seu quarto IG da greve de 2026; confira<\/a><\/h3>\n\t\t\t\t\t\t\t<div class=\"upk-text\">\n\t\t\t<p>Na sexta-feira (27), a FASUBRA divulgou o quarto Informe de Greve (IG) n\u00ba 04\/2026, o qual fala sobre o mapa<\/p>\n\t\t<\/div>\n\t\t\n\t\t\t\t\t\n\t\t\t\t<\/div>\n\t\t\t\t\t\t\t<\/div>\n\t\t<\/div>\n\n\t\n\t\t\t\t\n\t\t\t\t\t\t\t<div class=\"upk-item\">\n\t\t\t<div class=\"upk-item-box\">\n\t\t\t\t<div class=\"upk-image-wrap\">\n\n\t\t\t\t\t<img loading=\"lazy\" decoding=\"async\" width=\"1921\" height=\"770\" src=\"https:\/\/cta.clst17.mxpr.email.pecoraricloud.com.br\/~assufsmcom\/wp-content\/uploads\/2026\/03\/SITE-10-14.png\" class=\"upk-img\" alt=\"Manifesta\u00e7\u00e3o e reuni\u00e3o com governo marcam a agenda do CNG\/FASUBRA\" srcset=\"https:\/\/cta.clst17.mxpr.email.pecoraricloud.com.br\/~assufsmcom\/wp-content\/uploads\/2026\/03\/SITE-10-14.png 1921w, https:\/\/cta.clst17.mxpr.email.pecoraricloud.com.br\/~assufsmcom\/wp-content\/uploads\/2026\/03\/SITE-10-14-300x120.png 300w, https:\/\/cta.clst17.mxpr.email.pecoraricloud.com.br\/~assufsmcom\/wp-content\/uploads\/2026\/03\/SITE-10-14-1024x410.png 1024w, https:\/\/cta.clst17.mxpr.email.pecoraricloud.com.br\/~assufsmcom\/wp-content\/uploads\/2026\/03\/SITE-10-14-768x308.png 768w, https:\/\/cta.clst17.mxpr.email.pecoraricloud.com.br\/~assufsmcom\/wp-content\/uploads\/2026\/03\/SITE-10-14-1536x616.png 1536w, https:\/\/cta.clst17.mxpr.email.pecoraricloud.com.br\/~assufsmcom\/wp-content\/uploads\/2026\/03\/SITE-10-14-600x240.png 600w\" sizes=\"(max-width: 1921px) 100vw, 1921px\" \/>\n\t\t\t\t\t\t\t\t\t\t\t<div class=\"upk-fanel-date-wrap\">\n\t\t\t\t\t\t\t<span class=\"upk-fanel-date\">30<\/span>\n\t\t\t\t\t\t\t<span class=\"upk-fanel-month\">mar<\/span>\n\t\t\t\t\t\t<\/div>\n\t\t\t\t\t\n\t\t\t\t<\/div>\n\n\t\t\t\t<div class=\"upk-content\">\n\t\t\t\t\t\t\t<div class=\"upk-category\">\n\t\t\t<a href=\"https:\/\/cta.clst17.mxpr.email.pecoraricloud.com.br\/~assufsmcom\/category\/geral\/\" \n\t\t\t\t\t\t\taria-label=\"Category Geral\">Geral<\/a>\t\t<\/div>\n\t\n\t\t\t\t\t<h3 class=\"upk-title\"><a href=\"https:\/\/cta.clst17.mxpr.email.pecoraricloud.com.br\/~assufsmcom\/2026\/03\/30\/manifestacao-e-reuniao-com-governo-marcam-a-agenda-do-cng-fasubra\/\" title=\"Manifesta\u00e7\u00e3o e reuni\u00e3o com governo marcam a agenda do CNG\/FASUBRA\" class=\"title-animation-underline\" aria-label=\"Manifesta\u00e7\u00e3o e reuni\u00e3o com governo marcam a agenda do CNG\/FASUBRA\">Manifesta\u00e7\u00e3o e reuni\u00e3o com governo marcam a agenda do CNG\/FASUBRA<\/a><\/h3>\n\t\t\t\t\t\t\t<div class=\"upk-text\">\n\t\t\t<p>A quinta-feira (26) foi marcada por articula\u00e7\u00e3o pol\u00edtica no \u00e2mbito do Comando Nacional de Greve (CNG) da FASUBRA-Sindical. As atividades<\/p>\n\t\t<\/div>\n\t\t\n\t\t\t\t\t\n\t\t\t\t<\/div>\n\t\t\t\t\t\t\t<\/div>\n\t\t<\/div>\n\n\t\n\t\t\t\t\n\t\t\t\t\t\t\t<div class=\"upk-item\">\n\t\t\t<div class=\"upk-item-box\">\n\t\t\t\t<div class=\"upk-image-wrap\">\n\n\t\t\t\t\t<img loading=\"lazy\" decoding=\"async\" width=\"1921\" height=\"770\" src=\"https:\/\/cta.clst17.mxpr.email.pecoraricloud.com.br\/~assufsmcom\/wp-content\/uploads\/2026\/03\/SITE4-24.png\" class=\"upk-img\" alt=\"33\u00b0 dia de greve: Mo\u00e7\u00e3o de apoio \u00e9 aprovada no CONSU, CLG faz an\u00e1lise de conjuntura, repassa informes e visita HVU\" srcset=\"https:\/\/cta.clst17.mxpr.email.pecoraricloud.com.br\/~assufsmcom\/wp-content\/uploads\/2026\/03\/SITE4-24.png 1921w, https:\/\/cta.clst17.mxpr.email.pecoraricloud.com.br\/~assufsmcom\/wp-content\/uploads\/2026\/03\/SITE4-24-300x120.png 300w, https:\/\/cta.clst17.mxpr.email.pecoraricloud.com.br\/~assufsmcom\/wp-content\/uploads\/2026\/03\/SITE4-24-1024x410.png 1024w, https:\/\/cta.clst17.mxpr.email.pecoraricloud.com.br\/~assufsmcom\/wp-content\/uploads\/2026\/03\/SITE4-24-768x308.png 768w, https:\/\/cta.clst17.mxpr.email.pecoraricloud.com.br\/~assufsmcom\/wp-content\/uploads\/2026\/03\/SITE4-24-1536x616.png 1536w, https:\/\/cta.clst17.mxpr.email.pecoraricloud.com.br\/~assufsmcom\/wp-content\/uploads\/2026\/03\/SITE4-24-600x240.png 600w\" sizes=\"(max-width: 1921px) 100vw, 1921px\" \/>\n\t\t\t\t\t\t\t\t\t\t\t<div class=\"upk-fanel-date-wrap\">\n\t\t\t\t\t\t\t<span class=\"upk-fanel-date\">27<\/span>\n\t\t\t\t\t\t\t<span class=\"upk-fanel-month\">mar<\/span>\n\t\t\t\t\t\t<\/div>\n\t\t\t\t\t\n\t\t\t\t<\/div>\n\n\t\t\t\t<div class=\"upk-content\">\n\t\t\t\t\t\t\t<div class=\"upk-category\">\n\t\t\t<a href=\"https:\/\/cta.clst17.mxpr.email.pecoraricloud.com.br\/~assufsmcom\/category\/geral\/\" \n\t\t\t\t\t\t\taria-label=\"Category Geral\">Geral<\/a>\t\t<\/div>\n\t\n\t\t\t\t\t<h3 class=\"upk-title\"><a href=\"https:\/\/cta.clst17.mxpr.email.pecoraricloud.com.br\/~assufsmcom\/2026\/03\/27\/33-dia-de-greve-mocao-de-apoio-e-aprovada-no-consu-clg-faz-analise-de-conjuntura-repassa-informes-e-visita-hvu\/\" title=\"33\u00b0 dia de greve: Mo\u00e7\u00e3o de apoio \u00e9 aprovada no CONSU, CLG faz an\u00e1lise de conjuntura, repassa informes e visita HVU\" class=\"title-animation-underline\" aria-label=\"33\u00b0 dia de greve: Mo\u00e7\u00e3o de apoio \u00e9 aprovada no CONSU, CLG faz an\u00e1lise de conjuntura, repassa informes e visita HVU\">33\u00b0 dia de greve: Mo\u00e7\u00e3o de apoio \u00e9 aprovada no CONSU, CLG faz an\u00e1lise de conjuntura, repassa informes e visita HVU<\/a><\/h3>\n\t\t\t\t\t\t\t<div class=\"upk-text\">\n\t\t\t<p>A \u00faltima sexta-feira (27) de mar\u00e7o teve intensa movimenta\u00e7\u00e3o no CLG da ASSUFSM. No in\u00edcio da manh\u00e3, \u00e0s 8h30, o<\/p>\n\t\t<\/div>\n\t\t\n\t\t\t\t\t\n\t\t\t\t<\/div>\n\t\t\t\t\t\t\t<\/div>\n\t\t<\/div>\n\n\t\n\t\t\t\t\t\t\t<\/div>\n\t\t<\/div>\n\n\t\t\n\t\t\t\t\t<div class=\"ep-pagination\">\n\t\t\t\t<ul class=\"upk-pagination\" data-widget-id=\"5545e19\">\n<li class=\"upk-active\"><a href=\"https:\/\/cta.clst17.mxpr.email.pecoraricloud.com.br\/~assufsmcom\/wp-json\/wp\/v2\/pages\/307\/\">1<\/a><\/li>\n<li><a href=\"https:\/\/cta.clst17.mxpr.email.pecoraricloud.com.br\/~assufsmcom\/wp-json\/wp\/v2\/pages\/307\/page\/2\/\">2<\/a><\/li>\n<li><a href=\"https:\/\/cta.clst17.mxpr.email.pecoraricloud.com.br\/~assufsmcom\/wp-json\/wp\/v2\/pages\/307\/page\/3\/\">3<\/a><\/li>\n<li class=\"upk-pagination-dot-dot\"><span>...<\/span><\/li>\n<li><a href=\"https:\/\/cta.clst17.mxpr.email.pecoraricloud.com.br\/~assufsmcom\/wp-json\/wp\/v2\/pages\/307\/page\/843\/\">843<\/a><\/li>\n<li class=\"upk-pagination-next\"><a href=\"https:\/\/cta.clst17.mxpr.email.pecoraricloud.com.br\/~assufsmcom\/wp-json\/wp\/v2\/pages\/307\/page\/2\/\" aria-label=\"Next Page\"><span data-upk-pagination-next><i class=\"upk-icon-arrow-right-5\" aria-hidden=\"true\"><\/i><\/span><\/a><\/li>\n<\/ul>\n\t\t\t<\/div>\n\t\t\t\t<\/div>\n\t\t\t\t\t<\/div>\n\t\t\t\t<\/div>\n\t\t\t\t<\/div>\n\t\t","protected":false},"excerpt":{"rendered":"<p>A Voz da Categoria 06 dez A Voz da Categoria|A Voz da Categoria|Geral|Informativo|Inicial|Not\u00edcias VOZ DA CATEGORIA: A vida acima da jornada e das metas de trabalho As utopias nos diziam que com o avan\u00e7o tecnol\u00f3gico poder\u00edamos trabalhar menos, ter mais tempo para n\u00f3s. As maravilhas tecnol\u00f3gicas 21 jun A Voz da Categoria|Geral|Informativo|Inicial|Not\u00edcias Um novo ciclo [&hellip;]<\/p>\n","protected":false},"author":1,"featured_media":0,"parent":0,"menu_order":0,"comment_status":"closed","ping_status":"closed","template":"elementor_header_footer","meta":{"footnotes":""},"class_list":["post-307","page","type-page","status-publish","hentry"],"_links":{"self":[{"href":"https:\/\/cta.clst17.mxpr.email.pecoraricloud.com.br\/~assufsmcom\/wp-json\/wp\/v2\/pages\/307","targetHints":{"allow":["GET"]}}],"collection":[{"href":"https:\/\/cta.clst17.mxpr.email.pecoraricloud.com.br\/~assufsmcom\/wp-json\/wp\/v2\/pages"}],"about":[{"href":"https:\/\/cta.clst17.mxpr.email.pecoraricloud.com.br\/~assufsmcom\/wp-json\/wp\/v2\/types\/page"}],"author":[{"embeddable":true,"href":"https:\/\/cta.clst17.mxpr.email.pecoraricloud.com.br\/~assufsmcom\/wp-json\/wp\/v2\/users\/1"}],"replies":[{"embeddable":true,"href":"https:\/\/cta.clst17.mxpr.email.pecoraricloud.com.br\/~assufsmcom\/wp-json\/wp\/v2\/comments?post=307"}],"version-history":[{"count":7,"href":"https:\/\/cta.clst17.mxpr.email.pecoraricloud.com.br\/~assufsmcom\/wp-json\/wp\/v2\/pages\/307\/revisions"}],"predecessor-version":[{"id":22990,"href":"https:\/\/cta.clst17.mxpr.email.pecoraricloud.com.br\/~assufsmcom\/wp-json\/wp\/v2\/pages\/307\/revisions\/22990"}],"wp:attachment":[{"href":"https:\/\/cta.clst17.mxpr.email.pecoraricloud.com.br\/~assufsmcom\/wp-json\/wp\/v2\/media?parent=307"}],"curies":[{"name":"wp","href":"https:\/\/api.w.org\/{rel}","templated":true}]}}